
{"id":80,"date":"2011-11-28T08:28:35","date_gmt":"2011-11-28T08:28:35","guid":{"rendered":"http:\/\/www.motorkari-olomouc.cz\/?page_id=80"},"modified":"2021-01-11T13:57:03","modified_gmt":"2021-01-11T13:57:03","slug":"clenove","status":"publish","type":"page","link":"https:\/\/www.motorkari-olomouc.cz\/?page_id=80","title":{"rendered":"P\u0159edstavenstvo"},"content":{"rendered":"<h3 style=\"text-align: left;\">P\u0159edstavenstvo Olomouc Bikers &#8211; O.B.F.<\/h3>\n<p style=\"text-align: left;\"><strong><span style=\"text-decoration: underline;\">P\u0159edseda <\/span><\/strong><\/p>\n<p style=\"text-align: left;\">Radek Ra\u0161ka<\/p>\n<p style=\"text-align: left;\"><strong><span style=\"text-decoration: underline;\">M\u00edstop\u0159edsedkyn\u011b\u00a0<\/span><\/strong><\/p>\n<p style=\"text-align: left;\">Bc.Lenka Ra\u0161kov\u00e1<\/p>\n<p style=\"text-align: left;\"><strong><span style=\"text-decoration: underline;\">Pokladn\u00edk\u00a0<\/span><\/strong><\/p>\n<p style=\"text-align: left;\">Bc.Lenka Ra\u0161kov\u00e1<\/p>\n<p style=\"text-align: left;\"><strong><span style=\"text-decoration: underline;\">\u0158\u00e1dn\u00fd \u010dlen rady<\/span><\/strong><\/p>\n<p style=\"text-align: left;\">Petr Pro\u0161ek<\/p>\n<p style=\"text-align: left;\"><strong><span style=\"text-decoration: underline;\">\u010cestn\u00fd \u010dlen rady<\/span><\/strong><\/p>\n<p style=\"text-align: left;\">MUDr. Ji\u0159\u00ed Krej\u010d\u00ed<\/p>\n<p style=\"text-align: left;\"><span style=\"text-decoration: underline;\"><strong>Zakl\u00e1daj\u00edc\u00ed \u010dlen<\/strong><\/span><\/p>\n<p style=\"text-align: left;\">Tom\u00e1\u0161 Sl\u00edva<\/p>\n<p>&nbsp;<\/p>\n","protected":false},"excerpt":{"rendered":"<p>P\u0159edstavenstvo Olomouc Bikers &#8211; O.B.F. P\u0159edseda Radek Ra\u0161ka M\u00edstop\u0159edsedkyn\u011b\u00a0 Bc.Lenka Ra\u0161kov\u00e1 Pokladn\u00edk\u00a0 Bc.Lenka Ra\u0161kov\u00e1 \u0158\u00e1dn\u00fd \u010dlen rady Petr Pro\u0161ek \u010cestn\u00fd \u010dlen rady MUDr. Ji\u0159\u00ed Krej\u010d\u00ed Zakl\u00e1daj\u00edc\u00ed \u010dlen Tom\u00e1\u0161 Sl\u00edva &nbsp;<\/p>\n","protected":false},"author":1,"featured_media":0,"parent":0,"menu_order":5,"comment_status":"closed","ping_status":"closed","template":"","meta":{"ngg_post_thumbnail":0,"footnotes":""},"class_list":["post-80","page","type-page","status-publish","hentry"],"_links":{"self":[{"href":"https:\/\/www.motorkari-olomouc.cz\/index.php?rest_route=\/wp\/v2\/pages\/80","targetHints":{"allow":["GET"]}}],"collection":[{"href":"https:\/\/www.motorkari-olomouc.cz\/index.php?rest_route=\/wp\/v2\/pages"}],"about":[{"href":"https:\/\/www.motorkari-olomouc.cz\/index.php?rest_route=\/wp\/v2\/types\/page"}],"author":[{"embeddable":true,"href":"https:\/\/www.motorkari-olomouc.cz\/index.php?rest_route=\/wp\/v2\/users\/1"}],"replies":[{"embeddable":true,"href":"https:\/\/www.motorkari-olomouc.cz\/index.php?rest_route=%2Fwp%2Fv2%2Fcomments&post=80"}],"version-history":[{"count":22,"href":"https:\/\/www.motorkari-olomouc.cz\/index.php?rest_route=\/wp\/v2\/pages\/80\/revisions"}],"predecessor-version":[{"id":858,"href":"https:\/\/www.motorkari-olomouc.cz\/index.php?rest_route=\/wp\/v2\/pages\/80\/revisions\/858"}],"wp:attachment":[{"href":"https:\/\/www.motorkari-olomouc.cz\/index.php?rest_route=%2Fwp%2Fv2%2Fmedia&parent=80"}],"curies":[{"name":"wp","href":"https:\/\/api.w.org\/{rel}","templated":true}]}}

Představenstvo

<h3 style="text-align: left;">Představenstvo Olomouc Bikers &#8211; O.B.F.</h3>
<p style="text-align: left;"><strong><span style="text-decoration: underline;">Předseda </span></strong></p>
<p style="text-align: left;">Radek Raška</p>
<p style="text-align: left;"><strong><span style="text-decoration: underline;">Místopředsedkyně </span></strong></p>
<p style="text-align: left;">Bc.Lenka Rašková</p>
<p style="text-align: left;"><strong><span style="text-decoration: underline;">Pokladník </span></strong></p>
<p style="text-align: left;">Bc.Lenka Rašková</p>
<p style="text-align: left;"><strong><span style="text-decoration: underline;">Řádný člen rady</span></strong></p>
<p style="text-align: left;">Petr Prošek</p>
<p style="text-align: left;"><strong><span style="text-decoration: underline;">Čestný člen rady</span></strong></p>
<p style="text-align: left;">MUDr. Jiří Krejčí</p>
<p style="text-align: left;"><span style="text-decoration: underline;"><strong>Zakládající člen</strong></span></p>
<p style="text-align: left;">Tomáš Slíva</p>
<p>&nbsp;</p>

<p>Představenstvo Olomouc Bikers &#8211; O.B.F. Předseda Radek Raška Místopředsedkyně  Bc.Lenka Rašková Pokladník  Bc.Lenka Rašková Řádný člen rady Petr Prošek Čestný člen rady MUDr. Jiří Krejčí Zakládající člen Tomáš Slíva &nbsp;</p>
