
{"id":54,"date":"2011-11-26T21:38:36","date_gmt":"2011-11-26T21:38:36","guid":{"rendered":"http:\/\/www.motorkari-olomouc.cz\/?page_id=54"},"modified":"2022-08-04T09:49:07","modified_gmt":"2022-08-04T09:49:07","slug":"hlavni-stranka","status":"publish","type":"page","link":"https:\/\/www.motorkari-olomouc.cz\/","title":{"rendered":"\u00davod"},"content":{"rendered":"<p>V\u00edtejte!<\/p>\n<p>Pr\u00e1v\u011b si prohl\u00ed\u017e\u00edte str\u00e1nku spolku Olomouck\u00fdch motork\u00e1\u0159\u016f <strong>Olomouc Bikers &#8211; O.B.F.<\/strong> kter\u00fd byl zaps\u00e1n u Ministerstva vnitra \u010cR dne 9.11.2011 na z\u00e1klad\u011b z\u00e1kona \u010d.83\/1990 Sb.<\/p>\n<p>Dne 20.11.2006 z iniciativy <a title=\"Radek Ra\u0161ka\" href=\"https:\/\/www.facebook.com\/radek.raska.9\/\" target=\"_blank\" rel=\"noopener\">Radka Ra\u0161ky<\/a>, zakladatele p\u016fvodn\u00edho, dnes ji\u017e zanikl\u00e9ho webu s klasick\u00fdm diskuzn\u00edm f\u00f3rem Olomouc Bikers &#8211; O.B.F. , do\u0161lo postupem \u010dasu a p\u0159irozen\u00fdm v\u00fdvojem do sou\u010dasn\u00e9ho stavu. Te\u010f, v souladu se sv\u00fdmi stanovami mohou Olomou\u010dt\u00ed motork\u00e1\u0159i pracovat efektivn\u011bji n\u011b\u017e doposud a t\u00edm dosahovat lep\u0161\u00edch v\u00fdsledk\u016f. Tedy u\u017e ne &#8222;jen&#8220; jako neregistrovan\u00e1 parta jednotlivc\u016f a nad\u0161enc\u016f, pro kter\u00e9 je sice nad\u0161en\u00ed dobr\u00fdm motorem, ale z\u00e1rove\u0148 nulov\u00fd statut uvnit\u0159 dne\u0161n\u00ed spole\u010dnosti p\u0159edstavuje obrovsk\u00e9 omezen\u00ed v mo\u017enostech cokoliv organizovat.<\/p>\n<p>Spolek Olomouc Bikers &#8211; O.B.F. chce p\u0159isp\u00edvat k \u0161\u00ed\u0159en\u00ed dobr\u00e9ho jm\u00e9na a pov\u011bsti nejen spolku samotn\u00e9ho, ale i v\u0161ech ostatn\u00edch motork\u00e1\u0159\u016f. A to jak mezi ve\u0159ejnost\u00ed, tak i mezi ostatn\u00edmi motork\u00e1\u0159i. Vznikl proto, aby \u0161\u00ed\u0159il zdrav\u00fd motork\u00e1\u0159sk\u00fd \u017eivotn\u00ed styl, p\u0159edev\u0161\u00edm f\u00e9rov\u00e9 chov\u00e1n\u00ed \u00a0na silnic\u00edch, vz\u00e1jemnou \u00factu, respekt a toleranci. Aby mohlo sn\u00e1ze\u00a0organizovat motork\u00e1\u0159sk\u00e9 vyj\u00ed\u017e\u010fky, v\u00fdlety, srazy pop\u0159\u00edpad\u011b dal\u0161\u00ed podobn\u00e9 motork\u00e1\u0159sk\u00e9 akce pod hlavi\u010dkou spolku.<\/p>\n<p>Chceme pracovat na sv\u00e9m rozvoji, nehodl\u00e1me\u00a0 se spokojit se sou\u010dasn\u00fdm stavem vn\u00edm\u00e1n\u00ed motork\u00e1\u0159\u016f \u0161irokou ve\u0159ejnost\u00ed a chceme vytv\u00e1\u0159et adekv\u00e1tn\u00ed podm\u00ednky pro to, aby se pohled na n\u00e1s upravil, alespo\u0148 do stavu jak\u00fdm jsme my motork\u00e1\u0159i vn\u00edm\u00e1ni v okoln\u00edch vysp\u011bl\u00fdch zem\u00edch.<\/p>\n<p>Dozv\u00edte se zde nejen o O.B.F. samotn\u00e9m, ale i n\u011bco o jeho fungov\u00e1n\u00ed, po\u0159\u00e1dan\u00fdch akc\u00edch a d\u016fle\u017eit\u00e9 informace o na\u0161\u00ed \u010dinnosti. Z\u00e1rove\u0148 se sd\u011blov\u00e1n\u00edm z\u00e1kladn\u00edch ozn\u00e1men\u00ed a informac\u00ed zde, fungujeme na dnes &#8222;bohu\u017eel&#8220; nejfrekventovan\u011bj\u0161\u00ed soci\u00e1ln\u00ed s\u00edti, jako str\u00e1nky <a href=\"https:\/\/www.facebook.com\/OlomoucBikersForum\">FB<\/a> a pro ty co se cht\u011bj\u00ed zapojit jako <a href=\"https:\/\/www.facebook.com\/groups\/2063998533629606\">skupina<\/a><\/p>\n<p style=\"text-align: center;\">\n<p><iframe loading=\"lazy\" style=\"border: none; overflow: hidden;\" src=\"https:\/\/www.facebook.com\/plugins\/page.php?href=https%3A%2F%2Fwww.facebook.com%2FOlomoucBikersForum%2F&amp;tabs=timeline&amp;width=480&amp;height=600&amp;small_header=false&amp;adapt_container_width=true&amp;hide_cover=false&amp;show_facepile=true&amp;appId\" width=\"600\" height=\"600\" frameborder=\"0\" scrolling=\"no\"><\/iframe><\/p>\n","protected":false},"excerpt":{"rendered":"<p>V\u00edtejte! Pr\u00e1v\u011b si prohl\u00ed\u017e\u00edte str\u00e1nku spolku Olomouck\u00fdch motork\u00e1\u0159\u016f Olomouc Bikers &#8211; O.B.F. kter\u00fd byl zaps\u00e1n u Ministerstva vnitra \u010cR dne 9.11.2011 na z\u00e1klad\u011b z\u00e1kona \u010d.83\/1990 Sb. Dne 20.11.2006 z iniciativy Radka Ra\u0161ky, zakladatele p\u016fvodn\u00edho, dnes ji\u017e zanikl\u00e9ho webu s klasick\u00fdm diskuzn\u00edm f\u00f3rem Olomouc Bikers &#8211; O.B.F. , do\u0161lo postupem \u010dasu a p\u0159irozen\u00fdm v\u00fdvojem do sou\u010dasn\u00e9ho [&hellip;]<\/p>\n","protected":false},"author":1,"featured_media":0,"parent":0,"menu_order":0,"comment_status":"closed","ping_status":"closed","template":"","meta":{"ngg_post_thumbnail":0,"footnotes":""},"class_list":["post-54","page","type-page","status-publish","hentry"],"_links":{"self":[{"href":"https:\/\/www.motorkari-olomouc.cz\/index.php?rest_route=\/wp\/v2\/pages\/54","targetHints":{"allow":["GET"]}}],"collection":[{"href":"https:\/\/www.motorkari-olomouc.cz\/index.php?rest_route=\/wp\/v2\/pages"}],"about":[{"href":"https:\/\/www.motorkari-olomouc.cz\/index.php?rest_route=\/wp\/v2\/types\/page"}],"author":[{"embeddable":true,"href":"https:\/\/www.motorkari-olomouc.cz\/index.php?rest_route=\/wp\/v2\/users\/1"}],"replies":[{"embeddable":true,"href":"https:\/\/www.motorkari-olomouc.cz\/index.php?rest_route=%2Fwp%2Fv2%2Fcomments&post=54"}],"version-history":[{"count":61,"href":"https:\/\/www.motorkari-olomouc.cz\/index.php?rest_route=\/wp\/v2\/pages\/54\/revisions"}],"predecessor-version":[{"id":862,"href":"https:\/\/www.motorkari-olomouc.cz\/index.php?rest_route=\/wp\/v2\/pages\/54\/revisions\/862"}],"wp:attachment":[{"href":"https:\/\/www.motorkari-olomouc.cz\/index.php?rest_route=%2Fwp%2Fv2%2Fmedia&parent=54"}],"curies":[{"name":"wp","href":"https:\/\/api.w.org\/{rel}","templated":true}]}}