
{"id":167,"date":"2012-01-11T15:48:35","date_gmt":"2012-01-11T15:48:35","guid":{"rendered":"http:\/\/www.motorkari-olomouc.cz\/?page_id=167"},"modified":"2019-03-25T09:18:15","modified_gmt":"2019-03-25T09:18:15","slug":"clenstvi","status":"publish","type":"page","link":"https:\/\/www.motorkari-olomouc.cz\/?page_id=167","title":{"rendered":"\u010clenstv\u00ed"},"content":{"rendered":"<p><em>\u010clenem spolku se m\u016f\u017ee st\u00e1t ka\u017ed\u00e1 osoba star\u0161\u00ed 18-ti let, kter\u00e9 nebyla omezena zp\u016fsobilost k pr\u00e1vn\u00edm \u00fakon\u016fm a kter\u00e1 projev\u00ed o \u010dlenstv\u00ed z\u00e1jem pod\u00e1n\u00edm p\u0159ihl\u00e1\u0161ky k p\u0159edstavenstvu Olomouc Bikers &#8211; O.B.F. Tato p\u0159ihl\u00e1\u0161ka stejn\u011b jako stanovy a dal\u0161\u00ed dokumenty jsou na po\u017e\u00e1d\u00e1n\u00ed k dispozici  u\u017eivatel\u016fm registrovan\u00fdm na Port\u00e1le Olomouc Bikers &#8211; O.B.F. U\u017eivatel kter\u00fd o \u010dlenstv\u00ed projev\u00ed z\u00e1jem si je bude moci st\u00e1hnout a prostudovat.<\/em><\/p>\n<p>VZHLEDEM KE ZM\u011aM\u00c1M V OB\u010cANSK\u00c9M Z\u00c1KON\u00cdKU KTER\u00c9 RU\u0160\u00cd \u201eTRANSFORMUJE\u201c OB\u010cANSK\u00c1 SDRU\u017dEN\u00cd NA SPOLKY JE P\u0158IJ\u00cdM\u00c1N\u00cd NOV\u00ddCH \u010cLEN\u016e ZASTAVENO.<\/p>\n","protected":false},"excerpt":{"rendered":"<p>\u010clenem spolku se m\u016f\u017ee st\u00e1t ka\u017ed\u00e1 osoba star\u0161\u00ed 18-ti let, kter\u00e9 nebyla omezena zp\u016fsobilost k pr\u00e1vn\u00edm \u00fakon\u016fm a kter\u00e1 projev\u00ed o \u010dlenstv\u00ed z\u00e1jem pod\u00e1n\u00edm p\u0159ihl\u00e1\u0161ky k p\u0159edstavenstvu Olomouc Bikers &#8211; O.B.F. Tato p\u0159ihl\u00e1\u0161ka stejn\u011b jako stanovy a dal\u0161\u00ed dokumenty jsou na po\u017e\u00e1d\u00e1n\u00ed k dispozici u\u017eivatel\u016fm registrovan\u00fdm na Port\u00e1le Olomouc Bikers &#8211; O.B.F. U\u017eivatel kter\u00fd o [&hellip;]<\/p>\n","protected":false},"author":2,"featured_media":0,"parent":0,"menu_order":5,"comment_status":"closed","ping_status":"closed","template":"","meta":{"ngg_post_thumbnail":0,"footnotes":""},"class_list":["post-167","page","type-page","status-publish","hentry"],"_links":{"self":[{"href":"https:\/\/www.motorkari-olomouc.cz\/index.php?rest_route=\/wp\/v2\/pages\/167","targetHints":{"allow":["GET"]}}],"collection":[{"href":"https:\/\/www.motorkari-olomouc.cz\/index.php?rest_route=\/wp\/v2\/pages"}],"about":[{"href":"https:\/\/www.motorkari-olomouc.cz\/index.php?rest_route=\/wp\/v2\/types\/page"}],"author":[{"embeddable":true,"href":"https:\/\/www.motorkari-olomouc.cz\/index.php?rest_route=\/wp\/v2\/users\/2"}],"replies":[{"embeddable":true,"href":"https:\/\/www.motorkari-olomouc.cz\/index.php?rest_route=%2Fwp%2Fv2%2Fcomments&post=167"}],"version-history":[{"count":17,"href":"https:\/\/www.motorkari-olomouc.cz\/index.php?rest_route=\/wp\/v2\/pages\/167\/revisions"}],"predecessor-version":[{"id":843,"href":"https:\/\/www.motorkari-olomouc.cz\/index.php?rest_route=\/wp\/v2\/pages\/167\/revisions\/843"}],"wp:attachment":[{"href":"https:\/\/www.motorkari-olomouc.cz\/index.php?rest_route=%2Fwp%2Fv2%2Fmedia&parent=167"}],"curies":[{"name":"wp","href":"https:\/\/api.w.org\/{rel}","templated":true}]}}

Členství

<p><em>Členem spolku se může stát každá osoba starší 18-ti let, které nebyla omezena způsobilost k právním úkonům a která projeví o členství zájem podáním přihlášky k představenstvu Olomouc Bikers &#8211; O.B.F. Tato přihláška stejně jako stanovy a další dokumenty jsou na požádání k dispozici  uživatelům registrovaným na Portále Olomouc Bikers &#8211; O.B.F. Uživatel který o členství projeví zájem si je bude moci stáhnout a prostudovat.</em></p>
<p>VZHLEDEM KE ZMĚMÁM V OBČANSKÉM ZÁKONÍKU KTERÉ RUŠÍ „TRANSFORMUJE“ OBČANSKÁ SDRUŽENÍ NA SPOLKY JE PŘIJÍMÁNÍ NOVÝCH ČLENŮ ZASTAVENO.</p>

<p>Členem spolku se může stát každá osoba starší 18-ti let, které nebyla omezena způsobilost k právním úkonům a která projeví o členství zájem podáním přihlášky k představenstvu Olomouc Bikers &#8211; O.B.F. Tato přihláška stejně jako stanovy a další dokumenty jsou na požádání k dispozici uživatelům registrovaným na Portále Olomouc Bikers &#8211; O.B.F. Uživatel který o [&hellip;]</p>
