
{"id":129,"date":"2011-12-09T12:55:39","date_gmt":"2011-12-09T12:55:39","guid":{"rendered":"http:\/\/www.motorkari-olomouc.cz\/?page_id=129"},"modified":"2015-02-16T07:00:25","modified_gmt":"2015-02-16T07:00:25","slug":"napsali-o-nas","status":"publish","type":"page","link":"https:\/\/www.motorkari-olomouc.cz\/?page_id=129","title":{"rendered":"Napsali o n\u00e1s"},"content":{"rendered":"<p><a href=\"http:\/\/olomouc.idnes.cz\/spanila-jizda-motorkaru-v-olomouci-duv-\/olomouc-zpravy.aspx?c=A120416_1764590_olomouc-zpravy_stk\" target=\"_blank\">Spanil\u00e1 j\u00edzda stovek motork\u00e1\u0159\u016f a psa Olomouc\u00ed zah\u00e1jila sezonu<\/a><\/p>\n<p><a title=\"FORT XVII\" href=\"http:\/\/www.forty.cz\/index.php?c=43\" target=\"_blank\">Silni\u010dky, endura, choppery, zkr\u00e1tka vymazlen\u00e9 stroje 14.4.2012 na Fortu v K\u0159elov\u011b.<\/a><\/p>\n<p><a title=\"Zah\u00e1jeni 2012\" href=\"http:\/\/olomoucky.denik.cz\/zpravy_region\/pet-stovek-motorkaru-u-orloje-zahajilo-sezonu-20120414.html\" target=\"_blank\">P\u011bt stovek motork\u00e1\u0159\u016f i motork\u00e1\u0159ek u orloje zah\u00e1jilo sezonu 2012<\/a><\/p>\n<p><a href=\"http:\/\/www.olomouc.cz\/fotogalerie2009.php?uname=Pet-set-motorkaru-vyrazilo-v-kolone-privitat-sezonu-472\" target=\"_blank\">P\u011bt set motork\u00e1\u0159\u016f vyrazilo v kolon\u011b p\u0159iv\u00edtat sezonu<\/a><\/p>\n<p><a title=\"Motork\u00e1\u0159i zah\u00e1j\u00ed sezonu 2012\" href=\"http:\/\/www.olomouc.eu\/aktualni-informace\/aktuality\/12177\" target=\"_blank\">Motork\u00e1\u0159i zah\u00e1j\u00ed sez\u00f3nu 2012<\/a><\/p>\n<p><a href=\"http:\/\/www.rozhlas.cz\/olomouc\/zpravy\/_zprava\/olomoucti-motorkari-dnes-odstartovali-novou-sezonu--883476\" target=\"_blank\">Olomou\u010dt\u00ed motork\u00e1\u0159i dnes odstartovali novou sez\u00f3nu<\/a><\/p>\n<p><a href=\"http:\/\/www.forty.cz\/index.php?c=34\" target=\"_blank\">V sobotu 15. \u0159\u00edjna se na n\u00e1\u0161 Fort p\u0159ihnala \u00fa\u017easn\u00e1 &#8222;sme\u010dka&#8220; cca 500 motork\u00e1\u0159\u016f.<\/a><\/p>\n<p><a href=\"http:\/\/www.partyolomouc.cz\/2010\/04\/17\/motorkari-zahajili-sezonu\/\" target=\"_blank\">Motork\u00e1\u0159i zah\u00e1jili sezonu \u00a017. dubna 2010<\/a><\/p>\n<p><a href=\"http:\/\/olomoucky.denik.cz\/zpravy_region\/motorkari-se-sjedou-na-namesti-u-orloje-zahaji-sez.html\" target=\"_blank\">Motork\u00e1\u0159i se sjedou na n\u00e1m\u011bst\u00ed, u orloje zah\u00e1j\u00ed sezonu<\/a><\/p>\n<p><a href=\"http:\/\/www.ddplumlov.org\/sponzori-detskeho-domova-plumlov-2007.php\" target=\"_blank\">Sponzo\u0159i d\u011btsk\u00e9ho domova Plumlov 2007<\/a><\/p>\n<p><a href=\"http:\/\/www.ddplumlov.org\/clanek.php?clanek=20110006&amp;amp;sekce=2\" target=\"_blank\">Letos jsme pro\u017eili bohat\u00fd podzim<\/a><\/p>\n<p><a href=\"http:\/\/olomoucky.denik.cz\/zpravy_region\/motorkari-zaplni-namesti-u-orloje-zahaji-sezonu.html\" target=\"_blank\">Motork\u00e1\u0159i zapln\u00ed n\u00e1m\u011bst\u00ed, u orloje zah\u00e1j\u00ed sezonu<\/a><\/p>\n<p><a href=\"http:\/\/olomoucky.denik.cz\/zpravy_region\/motorkari-odstartuji-u-orloje-sezonu20110421.html\" target=\"_blank\">Motork\u00e1\u0159i odstartuj\u00ed u orloje sezonu<\/a><\/p>\n<p><a href=\"http:\/\/olomoucky.denik.cz\/zpravy_region\/foto-znacky-vyhnaly-motorkare-od-letadla-20110424.html\" target=\"_blank\">Podraz na motork\u00e1\u0159e? Zna\u010dky je vyhnaly od letadla<\/a><\/p>\n<p><a href=\"http:\/\/olomoucky.denik.cz\/zpravy_region\/motorkari-ukoncili-sezonu-v-krelove-podivejte-se.html\" target=\"_blank\">Motork\u00e1\u0159i ukon\u010dili sezonu na fortu, Olomouc vynechali<\/a><\/p>\n<p><a href=\"http:\/\/olomoucky.denik.cz\/zpravy_region\/motorkari-motorky-horni-namesti-olomouc.html\" target=\"_blank\">Motork\u00e1\u0159i u orloje odstartovali sezonu<\/a><\/p>\n<p><a href=\"http:\/\/olomoucky.denik.cz\/zpravy_region\/video-v-centru-olomouce-buracely-stovky-motorek.html\" target=\"_blank\">V centru Olomouce bur\u00e1cely stovky motorek<\/a><\/p>\n<p><a href=\"http:\/\/olomoucky.denik.cz\/multimedia\/galerie\/3343622.html\">Olomou\u010dt\u00ed motork\u00e1\u0159i v K\u0159elov\u011b\u00a0<\/a><\/p>\n","protected":false},"excerpt":{"rendered":"<p>Spanil\u00e1 j\u00edzda stovek motork\u00e1\u0159\u016f a psa Olomouc\u00ed zah\u00e1jila sezonu Silni\u010dky, endura, choppery, zkr\u00e1tka vymazlen\u00e9 stroje 14.4.2012 na Fortu v K\u0159elov\u011b. P\u011bt stovek motork\u00e1\u0159\u016f i motork\u00e1\u0159ek u orloje zah\u00e1jilo sezonu 2012 P\u011bt set motork\u00e1\u0159\u016f vyrazilo v kolon\u011b p\u0159iv\u00edtat sezonu Motork\u00e1\u0159i zah\u00e1j\u00ed sez\u00f3nu 2012 Olomou\u010dt\u00ed motork\u00e1\u0159i dnes odstartovali novou sez\u00f3nu V sobotu 15. \u0159\u00edjna se na n\u00e1\u0161 [&hellip;]<\/p>\n","protected":false},"author":1,"featured_media":0,"parent":0,"menu_order":8,"comment_status":"closed","ping_status":"closed","template":"","meta":{"ngg_post_thumbnail":0,"footnotes":""},"class_list":["post-129","page","type-page","status-publish","hentry"],"_links":{"self":[{"href":"https:\/\/www.motorkari-olomouc.cz\/index.php?rest_route=\/wp\/v2\/pages\/129","targetHints":{"allow":["GET"]}}],"collection":[{"href":"https:\/\/www.motorkari-olomouc.cz\/index.php?rest_route=\/wp\/v2\/pages"}],"about":[{"href":"https:\/\/www.motorkari-olomouc.cz\/index.php?rest_route=\/wp\/v2\/types\/page"}],"author":[{"embeddable":true,"href":"https:\/\/www.motorkari-olomouc.cz\/index.php?rest_route=\/wp\/v2\/users\/1"}],"replies":[{"embeddable":true,"href":"https:\/\/www.motorkari-olomouc.cz\/index.php?rest_route=%2Fwp%2Fv2%2Fcomments&post=129"}],"version-history":[{"count":28,"href":"https:\/\/www.motorkari-olomouc.cz\/index.php?rest_route=\/wp\/v2\/pages\/129\/revisions"}],"predecessor-version":[{"id":638,"href":"https:\/\/www.motorkari-olomouc.cz\/index.php?rest_route=\/wp\/v2\/pages\/129\/revisions\/638"}],"wp:attachment":[{"href":"https:\/\/www.motorkari-olomouc.cz\/index.php?rest_route=%2Fwp%2Fv2%2Fmedia&parent=129"}],"curies":[{"name":"wp","href":"https:\/\/api.w.org\/{rel}","templated":true}]}}

Napsali o nás

<p><a href="http://olomouc.idnes.cz/spanila-jizda-motorkaru-v-olomouci-duv-/olomouc-zpravy.aspx?c=A120416_1764590_olomouc-zpravy_stk" target="_blank">Spanilá jízda stovek motorkářů a psa Olomoucí zahájila sezonu</a></p>
<p><a title="FORT XVII" href="http://www.forty.cz/index.php?c=43" target="_blank">Silničky, endura, choppery, zkrátka vymazlené stroje 14.4.2012 na Fortu v Křelově.</a></p>
<p><a title="Zahájeni 2012" href="http://olomoucky.denik.cz/zpravy_region/pet-stovek-motorkaru-u-orloje-zahajilo-sezonu-20120414.html" target="_blank">Pět stovek motorkářů i motorkářek u orloje zahájilo sezonu 2012</a></p>
<p><a href="http://www.olomouc.cz/fotogalerie2009.php?uname=Pet-set-motorkaru-vyrazilo-v-kolone-privitat-sezonu-472" target="_blank">Pět set motorkářů vyrazilo v koloně přivítat sezonu</a></p>
<p><a title="Motorkáři zahájí sezonu 2012" href="http://www.olomouc.eu/aktualni-informace/aktuality/12177" target="_blank">Motorkáři zahájí sezónu 2012</a></p>
<p><a href="http://www.rozhlas.cz/olomouc/zpravy/_zprava/olomoucti-motorkari-dnes-odstartovali-novou-sezonu--883476" target="_blank">Olomoučtí motorkáři dnes odstartovali novou sezónu</a></p>
<p><a href="http://www.forty.cz/index.php?c=34" target="_blank">V sobotu 15. října se na náš Fort přihnala úžasná &#8222;smečka&#8220; cca 500 motorkářů.</a></p>
<p><a href="http://www.partyolomouc.cz/2010/04/17/motorkari-zahajili-sezonu/" target="_blank">Motorkáři zahájili sezonu  17. dubna 2010</a></p>
<p><a href="http://olomoucky.denik.cz/zpravy_region/motorkari-se-sjedou-na-namesti-u-orloje-zahaji-sez.html" target="_blank">Motorkáři se sjedou na náměstí, u orloje zahájí sezonu</a></p>
<p><a href="http://www.ddplumlov.org/sponzori-detskeho-domova-plumlov-2007.php" target="_blank">Sponzoři dětského domova Plumlov 2007</a></p>
<p><a href="http://www.ddplumlov.org/clanek.php?clanek=20110006&amp;amp;sekce=2" target="_blank">Letos jsme prožili bohatý podzim</a></p>
<p><a href="http://olomoucky.denik.cz/zpravy_region/motorkari-zaplni-namesti-u-orloje-zahaji-sezonu.html" target="_blank">Motorkáři zaplní náměstí, u orloje zahájí sezonu</a></p>
<p><a href="http://olomoucky.denik.cz/zpravy_region/motorkari-odstartuji-u-orloje-sezonu20110421.html" target="_blank">Motorkáři odstartují u orloje sezonu</a></p>
<p><a href="http://olomoucky.denik.cz/zpravy_region/foto-znacky-vyhnaly-motorkare-od-letadla-20110424.html" target="_blank">Podraz na motorkáře? Značky je vyhnaly od letadla</a></p>
<p><a href="http://olomoucky.denik.cz/zpravy_region/motorkari-ukoncili-sezonu-v-krelove-podivejte-se.html" target="_blank">Motorkáři ukončili sezonu na fortu, Olomouc vynechali</a></p>
<p><a href="http://olomoucky.denik.cz/zpravy_region/motorkari-motorky-horni-namesti-olomouc.html" target="_blank">Motorkáři u orloje odstartovali sezonu</a></p>
<p><a href="http://olomoucky.denik.cz/zpravy_region/video-v-centru-olomouce-buracely-stovky-motorek.html" target="_blank">V centru Olomouce burácely stovky motorek</a></p>
<p><a href="http://olomoucky.denik.cz/multimedia/galerie/3343622.html">Olomoučtí motorkáři v Křelově </a></p>

<p>Spanilá jízda stovek motorkářů a psa Olomoucí zahájila sezonu Silničky, endura, choppery, zkrátka vymazlené stroje 14.4.2012 na Fortu v Křelově. Pět stovek motorkářů i motorkářek u orloje zahájilo sezonu 2012 Pět set motorkářů vyrazilo v koloně přivítat sezonu Motorkáři zahájí sezónu 2012 Olomoučtí motorkáři dnes odstartovali novou sezónu V sobotu 15. října se na náš [&hellip;]</p>
